{"id":429,"date":"2026-04-11T16:31:32","date_gmt":"2026-04-11T16:31:32","guid":{"rendered":"https:\/\/renovcarrelage89.fr\/?page_id=429"},"modified":"2026-04-12T11:41:30","modified_gmt":"2026-04-12T11:41:30","slug":"mentions-legales","status":"publish","type":"page","link":"https:\/\/renovcarrelage89.fr\/?page_id=429","title":{"rendered":"MENTIONS L\u00c9GALES"},"content":{"rendered":"\n<p><\/p>\n\n\n<link rel=\"stylesheet\" href=\"https:\/\/fonts.googleapis.com\/css2?family=Montserrat:wght@400;500;600;700;800\" \/>\n<h2 class=\"wp-block-heading has-text-color has-link-color has-jumbo-font-size wp-elements-7a245a91af46e667c47c34eb1168fc52\" style=\"color:#004aad;font-style:normal;font-weight:700; font-family: 'Montserrat' !important;\" style=\"color:#004aad;font-style:normal;font-weight:700\">MENTIONS L\u00c9GALES<\/h2>\n\n\n<link rel=\"stylesheet\" href=\"https:\/\/fonts.googleapis.com\/css2?family=Montserrat:wght@400;500;600;700;800\" \/>\n<h2 class=\"wp-block-heading has-text-color has-link-color has-xx-large-font-size wp-elements-0ffff8045ec66c94817d50ca89f4197a\" style=\"color:#004aad;font-style:normal;font-weight:600; font-family: 'Montserrat' !important;\" style=\"color:#004aad;font-style:normal;font-weight:600\">Identification de l\u2019\u00e9diteur<\/h2>\n\n\n<link rel=\"stylesheet\" href=\"https:\/\/fonts.googleapis.com\/css2?family=Montserrat:wght@400;500;600;700;800\" \/>\n<p class=\"has-text-color has-link-color has-medium-font-size wp-elements-13b6b7e1a69b7b1c2aff4a5e8e4a5fc3\" style=\"color:#6a6a6a;font-style:normal;font-weight:500; font-family: 'Montserrat' !important;\" style=\"color:#6a6a6a;font-style:normal;font-weight:500\">Le site internet est \u00e9dit\u00e9 par :<\/p>\n\n\n<link rel=\"stylesheet\" href=\"https:\/\/fonts.googleapis.com\/css2?family=Montserrat:wght@400;500;600;700;800\" \/>\n<p class=\"has-text-color has-link-color has-medium-font-size wp-elements-7ada0eb81b52c8bb5068fd1c7522794e\" style=\"color:#6a6a6a;font-style:normal;font-weight:500; font-family: 'Montserrat' !important;\" style=\"color:#6a6a6a;font-style:normal;font-weight:500\">Renov\u2019Carrelage 89<br>Entreprise individuelle dirig\u00e9e par Hasan Y\u00fcksel<br>SIREN : 951 481 274<br>SIRET : 95148127400011<br>T\u00e9l\u00e9phone : 06.48.90.32.93<br>Adresse e-mail : renovcarrelage89@gmail.com<\/p>\n\n\n\n<h2 class=\"wp-block-heading has-text-color has-link-color has-xx-large-font-size wp-elements-364574c1339106563b8eefb2f5949e64\" style=\"color:#004aad;font-style:normal;font-weight:600\">Responsable de publication<\/h2>\n\n\n<link rel=\"stylesheet\" href=\"https:\/\/fonts.googleapis.com\/css2?family=Montserrat:wght@400;500;600;700;800\" \/>\n<p class=\"has-text-color has-link-color has-medium-font-size wp-elements-d3069ffeb9042db0b7e124f13b4daef7\" style=\"color:#6a6a6a;font-style:normal;font-weight:500; font-family: 'Montserrat' !important;\" style=\"color:#6a6a6a;font-style:normal;font-weight:500\">Le responsable de la publication du site est : Hasan Y\u00fcksel<\/p>\n\n\n\n<h2 class=\"wp-block-heading has-text-color has-link-color has-xx-large-font-size wp-elements-3db9571fdfe1a2b4ff0947e574aaf6c6\" style=\"color:#004aad;font-style:normal;font-weight:600\">H\u00e9bergement du site<\/h2>\n\n\n<link rel=\"stylesheet\" href=\"https:\/\/fonts.googleapis.com\/css2?family=Montserrat:wght@400;500;600;700;800\" \/>\n<p class=\"has-text-color has-link-color has-medium-font-size wp-elements-0bc8bfa099d8c334cf470cac71eb44b5\" style=\"color:#6a6a6a;font-style:normal;font-weight:500; font-family: 'Montserrat' !important;\" style=\"color:#6a6a6a;font-style:normal;font-weight:500\">Le site est h\u00e9berg\u00e9 par la soci\u00e9t\u00e9 OVHcloud,<br>dont le si\u00e8ge est situ\u00e9 2 rue Kellermann, 59100 Roubaix \u2013 France.<\/p>\n\n\n\n<h2 class=\"wp-block-heading has-text-color has-link-color has-xx-large-font-size wp-elements-d4e7de7d60e80364fa66aa1baf9dd514\" style=\"color:#004aad;font-style:normal;font-weight:600\">Droits de propri\u00e9t\u00e9<\/h2>\n\n\n<link rel=\"stylesheet\" href=\"https:\/\/fonts.googleapis.com\/css2?family=Montserrat:wght@400;500;600;700;800\" \/>\n<p class=\"has-text-color has-link-color has-medium-font-size wp-elements-5887ad38faf1b3a2b051c85172ecc1c9\" style=\"color:#6a6a6a;font-style:normal;font-weight:500; font-family: 'Montserrat' !important;\" style=\"color:#6a6a6a;font-style:normal;font-weight:500\">Les contenus pr\u00e9sents sur ce site (textes, images, r\u00e9alisations, \u00e9l\u00e9ments visuels) sont prot\u00e9g\u00e9s par la loi.<\/p>\n\n\n<link rel=\"stylesheet\" href=\"https:\/\/fonts.googleapis.com\/css2?family=Montserrat:wght@400;500;600;700;800\" \/>\n<p class=\"has-text-color has-link-color has-medium-font-size wp-elements-5d0df1c728a4eca620ebe697656ee99c\" style=\"color:#6a6a6a;font-style:normal;font-weight:500; font-family: 'Montserrat' !important;\" style=\"color:#6a6a6a;font-style:normal;font-weight:500\">Toute reproduction ou utilisation, m\u00eame partielle, sans autorisation pr\u00e9alable est interdite.<\/p>\n\n\n\n<h2 class=\"wp-block-heading has-text-color has-link-color has-xx-large-font-size wp-elements-f6b124ae8a068cf0c56fc04faec955c4\" style=\"color:#004aad;font-style:normal;font-weight:600\">Fonctionnement du site<\/h2>\n\n\n<link rel=\"stylesheet\" href=\"https:\/\/fonts.googleapis.com\/css2?family=Montserrat:wght@400;500;600;700;800\" \/>\n<p class=\"has-text-color has-link-color has-medium-font-size wp-elements-4acf39ba974c9f5c64b33b8921c28ecc\" style=\"color:#6a6a6a;font-style:normal;font-weight:500; font-family: 'Montserrat' !important;\" style=\"color:#6a6a6a;font-style:normal;font-weight:500\">Le site est accessible en permanence, sauf interruption pour maintenance ou mise \u00e0 jour.<\/p>\n\n\n\n<h2 class=\"wp-block-heading has-text-color has-link-color has-xx-large-font-size wp-elements-fbe120ccca5178c7287385afaea459aa\" style=\"color:#004aad;font-style:normal;font-weight:600\">Limitation de responsabilit\u00e9<\/h2>\n\n\n<link rel=\"stylesheet\" href=\"https:\/\/fonts.googleapis.com\/css2?family=Montserrat:wght@400;500;600;700;800\" \/>\n<p class=\"has-text-color has-link-color has-medium-font-size wp-elements-4c3b8ade8b5d5c665cd508291212b40f\" style=\"color:#6a6a6a;font-style:normal;font-weight:500; font-family: 'Montserrat' !important;\" style=\"color:#6a6a6a;font-style:normal;font-weight:500\">Les informations diffus\u00e9es sont fournies \u00e0 titre indicatif. Renov\u2019Carrelage 89 ne peut \u00eatre tenu responsable d\u2019\u00e9ventuelles erreurs ou omissions.<\/p>\n\n\n\n<h1 class=\"wp-block-heading has-text-color has-link-color has-jumbo-font-size wp-elements-ef88029a4f353a76724654cd52dab3a7\" style=\"color:#004aad;font-style:normal;font-weight:700\">POLITIQUE DE CONFIDENTIALIT\u00c9<\/h1>\n\n\n\n<h2 class=\"wp-block-heading has-text-color has-link-color has-xx-large-font-size wp-elements-6d41e6df8564d85abd073e69e372ed46\" style=\"color:#004aad;font-style:normal;font-weight:600\">Responsable des donn\u00e9es<\/h2>\n\n\n<link rel=\"stylesheet\" href=\"https:\/\/fonts.googleapis.com\/css2?family=Montserrat:wght@400;500;600;700;800\" \/>\n<p class=\"has-text-color has-link-color has-medium-font-size wp-elements-033c153f01d9d485742859265c3472c4\" style=\"color:#6a6a6a;font-style:normal;font-weight:500; font-family: 'Montserrat' !important;\" style=\"color:#6a6a6a;font-style:normal;font-weight:500\">Renov\u2019Carrelage 89 \u2013 Hasan Y\u00fcksel<\/p>\n\n\n\n<h2 class=\"wp-block-heading has-text-color has-link-color has-xx-large-font-size wp-elements-428281b0fe5d08ab44a8f252a68f3f0a\" style=\"color:#004aad;font-style:normal;font-weight:600\">Donn\u00e9es collect\u00e9es<\/h2>\n\n\n<link rel=\"stylesheet\" href=\"https:\/\/fonts.googleapis.com\/css2?family=Montserrat:wght@400;500;600;700;800\" \/>\n<p class=\"has-text-color has-link-color has-medium-font-size wp-elements-c2df1ad91159d05d7aab5712e84aa79d\" style=\"color:#6a6a6a;font-style:normal;font-weight:500; font-family: 'Montserrat' !important;\" style=\"color:#6a6a6a;font-style:normal;font-weight:500\">Les informations pouvant \u00eatre collect\u00e9es sont :<\/p>\n\n\n\n<ul style=\"color:#6a6a6a;font-style:normal;font-weight:500\" class=\"wp-block-list has-text-color has-link-color has-medium-font-size wp-elements-542cb5d97226254bfe304b078b578309\">\n<li>Nom et pr\u00e9nom<\/li>\n\n\n\n<li>Adresse e-mail<\/li>\n\n\n\n<li>Num\u00e9ro de t\u00e9l\u00e9phone<\/li>\n\n\n\n<li>Message envoy\u00e9<\/li>\n\n\n\n<li>Donn\u00e9es de navigation<\/li>\n<\/ul>\n\n\n\n<h2 class=\"wp-block-heading has-text-color has-link-color has-xx-large-font-size wp-elements-6154a6f53abce63cf2baa5c2dac2f065\" style=\"color:#004aad;font-style:normal;font-weight:600\">Utilisation des donn\u00e9es<\/h2>\n\n\n<link rel=\"stylesheet\" href=\"https:\/\/fonts.googleapis.com\/css2?family=Montserrat:wght@400;500;600;700;800\" \/>\n<p class=\"has-text-color has-link-color has-medium-font-size wp-elements-38f1bf5b2d4390aef1619ff90e9023f4\" style=\"color:#6a6a6a;font-style:normal;font-weight:500; font-family: 'Montserrat' !important;\" style=\"color:#6a6a6a;font-style:normal;font-weight:500\">Les donn\u00e9es sont utilis\u00e9es uniquement pour :<\/p>\n\n\n\n<ul class=\"wp-block-list\">\n<li class=\"has-text-color has-link-color has-medium-font-size wp-elements-a03d4b24ff864a0aa2ee9627970a35f5\" style=\"color:#6a6a6a;font-style:normal;font-weight:500\">r\u00e9pondre aux demandes<\/li>\n\n\n\n<li class=\"has-text-color has-link-color has-medium-font-size wp-elements-edd79a188acac4c18adb7db95981aefd\" style=\"color:#6a6a6a;font-style:normal;font-weight:500\">\u00e9changer avec les clients<\/li>\n\n\n\n<li class=\"has-text-color has-link-color has-medium-font-size wp-elements-43a3c8e0ad92056f071115e15fe59770\" style=\"color:#6a6a6a;font-style:normal;font-weight:500\">am\u00e9liorer le site<\/li>\n<\/ul>\n\n\n\n<h2 class=\"wp-block-heading has-text-color has-link-color has-xx-large-font-size wp-elements-ea0b920989230964dabd7396626577b5\" style=\"color:#004aad;font-style:normal;font-weight:600\">Base l\u00e9gale<\/h2>\n\n\n<link rel=\"stylesheet\" href=\"https:\/\/fonts.googleapis.com\/css2?family=Montserrat:wght@400;500;600;700;800\" \/>\n<p class=\"has-text-color has-link-color has-medium-font-size wp-elements-021d660e2a7ce5d4e0f76bb0b37c1ecc\" style=\"color:#6a6a6a;font-style:normal;font-weight:500; font-family: 'Montserrat' !important;\" style=\"color:#6a6a6a;font-style:normal;font-weight:500\">Le traitement repose sur :<\/p>\n\n\n\n<ul class=\"wp-block-list\">\n<li class=\"has-text-color has-link-color has-medium-font-size wp-elements-904a06234e74834d9eb957769ccc08e8\" style=\"color:#6a6a6a;font-style:normal;font-weight:500\">le consentement<\/li>\n\n\n\n<li class=\"has-text-color has-link-color has-medium-font-size wp-elements-059fbaaa2cfab38125e3c9cc49b42335\" style=\"color:#6a6a6a;font-style:normal;font-weight:500\">la demande de l\u2019utilisateur<\/li>\n<\/ul>\n\n\n\n<h2 class=\"wp-block-heading has-text-color has-link-color has-xx-large-font-size wp-elements-65f5339d5cfec7758f37d45bfceb9cbc\" style=\"color:#004aad;font-style:normal;font-weight:600\">Destinataires<\/h2>\n\n\n<link rel=\"stylesheet\" href=\"https:\/\/fonts.googleapis.com\/css2?family=Montserrat:wght@400;500;600;700;800\" \/>\n<p class=\"has-text-color has-link-color has-medium-font-size wp-elements-68ce243367e1db5e0209a450dff7a602\" style=\"color:#6a6a6a;font-style:normal;font-weight:500; font-family: 'Montserrat' !important;\" style=\"color:#6a6a6a;font-style:normal;font-weight:500\">Les donn\u00e9es sont utilis\u00e9es uniquement par Renov\u2019Carrelage 89.<br>Elles ne sont ni vendues ni transmises \u00e0 des tiers.<\/p>\n\n\n\n<h2 class=\"wp-block-heading has-text-color has-link-color has-xx-large-font-size wp-elements-9ff1b96d7fd7bdb46029a57b6e81c32f\" style=\"color:#004aad;font-style:normal;font-weight:600\">Dur\u00e9e de conservation<\/h2>\n\n\n<link rel=\"stylesheet\" href=\"https:\/\/fonts.googleapis.com\/css2?family=Montserrat:wght@400;500;600;700;800\" \/>\n<p class=\"has-text-color has-link-color has-medium-font-size wp-elements-6c1d24b09ca21e1833f6bbbbdb0e37d7\" style=\"color:#6a6a6a;font-style:normal;font-weight:500; font-family: 'Montserrat' !important;\" style=\"color:#6a6a6a;font-style:normal;font-weight:500\">Les donn\u00e9es sont conserv\u00e9es pendant une dur\u00e9e limit\u00e9e n\u00e9cessaire \u00e0 leur utilisation.<\/p>\n\n\n\n<h2 class=\"wp-block-heading has-text-color has-link-color has-xx-large-font-size wp-elements-af1ff203287fba4703ecff0cd0ec008b\" style=\"color:#004aad;font-style:normal;font-weight:600\">S\u00e9curit\u00e9<\/h2>\n\n\n<link rel=\"stylesheet\" href=\"https:\/\/fonts.googleapis.com\/css2?family=Montserrat:wght@400;500;600;700;800\" \/>\n<p class=\"has-text-color has-link-color has-medium-font-size wp-elements-f7635f29256e00d376051b5b5775fd80\" style=\"color:#6a6a6a;font-style:normal;font-weight:500; font-family: 'Montserrat' !important;\" style=\"color:#6a6a6a;font-style:normal;font-weight:500\">Des mesures sont mises en place pour prot\u00e9ger les donn\u00e9es contre tout acc\u00e8s non autoris\u00e9.<\/p>\n\n\n\n<h2 class=\"wp-block-heading has-text-color has-link-color has-xx-large-font-size wp-elements-2dbbd462e435877456a6b22b99753117\" style=\"color:#004aad;font-style:normal;font-weight:600\">Vos droits<\/h2>\n\n\n<link rel=\"stylesheet\" href=\"https:\/\/fonts.googleapis.com\/css2?family=Montserrat:wght@400;500;600;700;800\" \/>\n<p class=\"has-text-color has-link-color has-medium-font-size wp-elements-e5e70bbf791cf65d36032345e458e21a\" style=\"color:#6a6a6a;font-style:normal;font-weight:500; font-family: 'Montserrat' !important;\" style=\"color:#6a6a6a;font-style:normal;font-weight:500\">Vous pouvez :<\/p>\n\n\n\n<ul class=\"wp-block-list\">\n<li class=\"has-text-color has-link-color has-medium-font-size wp-elements-fa71ae7ab69cba5744786ff6241df741\" style=\"color:#6a6a6a;font-style:normal;font-weight:500\">acc\u00e9der \u00e0 vos donn\u00e9es<\/li>\n\n\n\n<li class=\"has-text-color has-link-color has-medium-font-size wp-elements-e05021658dbd7cf5cf923bd116db61f8\" style=\"color:#6a6a6a;font-style:normal;font-weight:500\">les modifier<\/li>\n\n\n\n<li class=\"has-text-color has-link-color has-medium-font-size wp-elements-bba7449ab54cd5dc68b437f0647ae1f9\" style=\"color:#6a6a6a;font-style:normal;font-weight:500\">demander leur suppression<\/li>\n<\/ul>\n\n\n<link rel=\"stylesheet\" href=\"https:\/\/fonts.googleapis.com\/css2?family=Montserrat:wght@400;500;600;700;800\" \/>\n<p class=\"has-text-color has-link-color has-medium-font-size wp-elements-93ed415aaf2aaec008196ec9bf49a5c8\" style=\"color:#6a6a6a;font-style:normal;font-weight:500; font-family: 'Montserrat' !important;\" style=\"color:#6a6a6a;font-style:normal;font-weight:500\">Contact : renovcarrelage89@gmail.com<\/p>\n\n\n\n<h2 class=\"wp-block-heading has-text-color has-link-color has-xx-large-font-size wp-elements-a7b85259c71e0f71a652599cf9ccce42\" style=\"color:#004aad;font-style:normal;font-weight:600\">R\u00e9clamation<\/h2>\n\n\n<link rel=\"stylesheet\" href=\"https:\/\/fonts.googleapis.com\/css2?family=Montserrat:wght@400;500;600;700;800\" \/>\n<p class=\"has-text-color has-link-color has-medium-font-size wp-elements-c48ea8b77c4659d698d43e2c7ba71884\" style=\"color:#6a6a6a;font-style:normal;font-weight:500; font-family: 'Montserrat' !important;\" style=\"color:#6a6a6a;font-style:normal;font-weight:500\">Vous pouvez contacter la CNIL en cas de besoin.<\/p>\n\n\n\n<h1 class=\"wp-block-heading has-text-color has-link-color has-jumbo-font-size wp-elements-071c7ee657535de8bc0eab6c3e8707d3\" style=\"color:#004aad;font-style:normal;font-weight:700\">COOKIES<\/h1>\n\n\n<link rel=\"stylesheet\" href=\"https:\/\/fonts.googleapis.com\/css2?family=Montserrat:wght@400;500;600;700;800\" \/>\n<p class=\"has-text-color has-link-color has-medium-font-size wp-elements-43070babbdb1db522b4daa013318a4fa\" style=\"color:#6a6a6a;font-style:normal;font-weight:500; font-family: 'Montserrat' !important;\" style=\"color:#6a6a6a;font-style:normal;font-weight:500\">Le site peut utiliser des cookies pour am\u00e9liorer la navigation et mesurer l\u2019audience.<\/p>\n\n\n<link rel=\"stylesheet\" href=\"https:\/\/fonts.googleapis.com\/css2?family=Montserrat:wght@400;500;600;700;800\" \/>\n<p class=\"has-text-color has-link-color has-medium-font-size wp-elements-dfa34b8a7ccaef847937d8ed46de61ec\" style=\"color:#6a6a6a;font-style:normal;font-weight:500; font-family: 'Montserrat' !important;\" style=\"color:#6a6a6a;font-style:normal;font-weight:500\">Vous pouvez les g\u00e9rer via votre navigateur.<\/p>\n\n\n\n<h2 class=\"wp-block-heading has-text-color has-link-color has-xx-large-font-size wp-elements-0814649de7682528b39e6a080eb51f4b\" style=\"color:#004aad;font-style:normal;font-weight:600\">Mise \u00e0 jour<\/h2>\n\n\n<link rel=\"stylesheet\" href=\"https:\/\/fonts.googleapis.com\/css2?family=Montserrat:wght@400;500;600;700;800\" \/>\n<p class=\"has-text-color has-link-color has-medium-font-size wp-elements-132023f67a688dd1ba7c448fc468e594\" style=\"color:#6a6a6a;font-style:normal;font-weight:500; font-family: 'Montserrat' !important;\" style=\"color:#6a6a6a;font-style:normal;font-weight:500\">Derni\u00e8re mise \u00e0 jour : Avril 2026<\/p>\n\n\n\n<p><\/p>\n","protected":false},"excerpt":{"rendered":"<p>MENTIONS L\u00c9GALES Identification de l\u2019\u00e9diteur Le site internet est \u00e9dit\u00e9 par : Renov\u2019Carrelage 89Entreprise individuelle dirig\u00e9e par Hasan Y\u00fckselSIREN : 951 481 274SIRET : 95148127400011T\u00e9l\u00e9phone : 06.48.90.32.93Adresse e-mail : renovcarrelage89@gmail.com Responsable de publication Le responsable de la publication du site est : Hasan Y\u00fcksel H\u00e9bergement du site Le site est h\u00e9berg\u00e9 par la soci\u00e9t\u00e9 OVHcloud,dont&#8230;<\/p>\n","protected":false},"author":1,"featured_media":0,"parent":0,"menu_order":0,"comment_status":"closed","ping_status":"closed","template":"","meta":{"footnotes":""},"class_list":["post-429","page","type-page","status-publish","hentry"],"yoast_head":"<!-- This site is optimized with the Yoast SEO plugin v27.3 - https:\/\/yoast.com\/product\/yoast-seo-wordpress\/ -->\n<title>MENTIONS L\u00c9GALES - RENOV&#039;CARRELAGE89<\/title>\n<meta name=\"description\" content=\"Carreleur sp\u00e9cialis\u00e9 en r\u00e9novation de sols et murs \u00e0 Migennes, dans l\u2019Yonne (89) et en Bourgogne. Pose de carrelage int\u00e9rieur et ext\u00e9rieur, travail soign\u00e9, devis gratuit et intervention rapide.\" \/>\n<meta name=\"robots\" content=\"index, follow, max-snippet:-1, max-image-preview:large, max-video-preview:-1\" \/>\n<link rel=\"canonical\" href=\"https:\/\/renovcarrelage89.fr\/?page_id=429\" \/>\n<meta property=\"og:locale\" content=\"fr_FR\" \/>\n<meta property=\"og:type\" content=\"article\" \/>\n<meta property=\"og:title\" content=\"MENTIONS L\u00c9GALES - RENOV&#039;CARRELAGE89\" \/>\n<meta property=\"og:description\" content=\"Carreleur sp\u00e9cialis\u00e9 en r\u00e9novation de sols et murs \u00e0 Migennes, dans l\u2019Yonne (89) et en Bourgogne. Pose de carrelage int\u00e9rieur et ext\u00e9rieur, travail soign\u00e9, devis gratuit et intervention rapide.\" \/>\n<meta property=\"og:url\" content=\"https:\/\/renovcarrelage89.fr\/?page_id=429\" \/>\n<meta property=\"og:site_name\" content=\"RENOV&#039;CARRELAGE89\" \/>\n<meta property=\"article:modified_time\" content=\"2026-04-12T11:41:30+00:00\" \/>\n<meta name=\"twitter:card\" content=\"summary_large_image\" \/>\n<meta name=\"twitter:label1\" content=\"Dur\u00e9e de lecture estim\u00e9e\" \/>\n\t<meta name=\"twitter:data1\" content=\"2 minutes\" \/>\n<script type=\"application\/ld+json\" class=\"yoast-schema-graph\">{\"@context\":\"https:\\\/\\\/schema.org\",\"@graph\":[{\"@type\":\"WebPage\",\"@id\":\"https:\\\/\\\/renovcarrelage89.fr\\\/?page_id=429\",\"url\":\"https:\\\/\\\/renovcarrelage89.fr\\\/?page_id=429\",\"name\":\"MENTIONS L\u00c9GALES - RENOV&#039;CARRELAGE89\",\"isPartOf\":{\"@id\":\"https:\\\/\\\/renovcarrelage89.fr\\\/#website\"},\"datePublished\":\"2026-04-11T16:31:32+00:00\",\"dateModified\":\"2026-04-12T11:41:30+00:00\",\"description\":\"Carreleur sp\u00e9cialis\u00e9 en r\u00e9novation de sols et murs \u00e0 Migennes, dans l\u2019Yonne (89) et en Bourgogne. Pose de carrelage int\u00e9rieur et ext\u00e9rieur, travail soign\u00e9, devis gratuit et intervention rapide.\",\"breadcrumb\":{\"@id\":\"https:\\\/\\\/renovcarrelage89.fr\\\/?page_id=429#breadcrumb\"},\"inLanguage\":\"fr-FR\",\"potentialAction\":[{\"@type\":\"ReadAction\",\"target\":[\"https:\\\/\\\/renovcarrelage89.fr\\\/?page_id=429\"]}]},{\"@type\":\"BreadcrumbList\",\"@id\":\"https:\\\/\\\/renovcarrelage89.fr\\\/?page_id=429#breadcrumb\",\"itemListElement\":[{\"@type\":\"ListItem\",\"position\":1,\"name\":\"Home\",\"item\":\"https:\\\/\\\/renovcarrelage89.fr\\\/\"},{\"@type\":\"ListItem\",\"position\":2,\"name\":\"MENTIONS L\u00c9GALES\"}]},{\"@type\":\"WebSite\",\"@id\":\"https:\\\/\\\/renovcarrelage89.fr\\\/#website\",\"url\":\"https:\\\/\\\/renovcarrelage89.fr\\\/\",\"name\":\"RENOV&#039;CARRELAGE89\",\"description\":\"le sp\u00e9cialiste r\u00e9novation\",\"publisher\":{\"@id\":\"https:\\\/\\\/renovcarrelage89.fr\\\/#organization\"},\"potentialAction\":[{\"@type\":\"SearchAction\",\"target\":{\"@type\":\"EntryPoint\",\"urlTemplate\":\"https:\\\/\\\/renovcarrelage89.fr\\\/?s={search_term_string}\"},\"query-input\":{\"@type\":\"PropertyValueSpecification\",\"valueRequired\":true,\"valueName\":\"search_term_string\"}}],\"inLanguage\":\"fr-FR\"},{\"@type\":\"Organization\",\"@id\":\"https:\\\/\\\/renovcarrelage89.fr\\\/#organization\",\"name\":\"RENOV&#039;CARRELAGE89\",\"url\":\"https:\\\/\\\/renovcarrelage89.fr\\\/\",\"logo\":{\"@type\":\"ImageObject\",\"inLanguage\":\"fr-FR\",\"@id\":\"https:\\\/\\\/renovcarrelage89.fr\\\/#\\\/schema\\\/logo\\\/image\\\/\",\"url\":\"https:\\\/\\\/renovcarrelage89.fr\\\/wp-content\\\/uploads\\\/2026\\\/04\\\/facebook-couverture-Renov-Carrelage-2-1-scaled-e1775857459149.png\",\"contentUrl\":\"https:\\\/\\\/renovcarrelage89.fr\\\/wp-content\\\/uploads\\\/2026\\\/04\\\/facebook-couverture-Renov-Carrelage-2-1-scaled-e1775857459149.png\",\"width\":1860,\"height\":620,\"caption\":\"RENOV&#039;CARRELAGE89\"},\"image\":{\"@id\":\"https:\\\/\\\/renovcarrelage89.fr\\\/#\\\/schema\\\/logo\\\/image\\\/\"}}]}<\/script>\n<!-- \/ Yoast SEO plugin. -->","yoast_head_json":{"title":"MENTIONS L\u00c9GALES - RENOV&#039;CARRELAGE89","description":"Carreleur sp\u00e9cialis\u00e9 en r\u00e9novation de sols et murs \u00e0 Migennes, dans l\u2019Yonne (89) et en Bourgogne. Pose de carrelage int\u00e9rieur et ext\u00e9rieur, travail soign\u00e9, devis gratuit et intervention rapide.","robots":{"index":"index","follow":"follow","max-snippet":"max-snippet:-1","max-image-preview":"max-image-preview:large","max-video-preview":"max-video-preview:-1"},"canonical":"https:\/\/renovcarrelage89.fr\/?page_id=429","og_locale":"fr_FR","og_type":"article","og_title":"MENTIONS L\u00c9GALES - RENOV&#039;CARRELAGE89","og_description":"Carreleur sp\u00e9cialis\u00e9 en r\u00e9novation de sols et murs \u00e0 Migennes, dans l\u2019Yonne (89) et en Bourgogne. Pose de carrelage int\u00e9rieur et ext\u00e9rieur, travail soign\u00e9, devis gratuit et intervention rapide.","og_url":"https:\/\/renovcarrelage89.fr\/?page_id=429","og_site_name":"RENOV&#039;CARRELAGE89","article_modified_time":"2026-04-12T11:41:30+00:00","twitter_card":"summary_large_image","twitter_misc":{"Dur\u00e9e de lecture estim\u00e9e":"2 minutes"},"schema":{"@context":"https:\/\/schema.org","@graph":[{"@type":"WebPage","@id":"https:\/\/renovcarrelage89.fr\/?page_id=429","url":"https:\/\/renovcarrelage89.fr\/?page_id=429","name":"MENTIONS L\u00c9GALES - RENOV&#039;CARRELAGE89","isPartOf":{"@id":"https:\/\/renovcarrelage89.fr\/#website"},"datePublished":"2026-04-11T16:31:32+00:00","dateModified":"2026-04-12T11:41:30+00:00","description":"Carreleur sp\u00e9cialis\u00e9 en r\u00e9novation de sols et murs \u00e0 Migennes, dans l\u2019Yonne (89) et en Bourgogne. Pose de carrelage int\u00e9rieur et ext\u00e9rieur, travail soign\u00e9, devis gratuit et intervention rapide.","breadcrumb":{"@id":"https:\/\/renovcarrelage89.fr\/?page_id=429#breadcrumb"},"inLanguage":"fr-FR","potentialAction":[{"@type":"ReadAction","target":["https:\/\/renovcarrelage89.fr\/?page_id=429"]}]},{"@type":"BreadcrumbList","@id":"https:\/\/renovcarrelage89.fr\/?page_id=429#breadcrumb","itemListElement":[{"@type":"ListItem","position":1,"name":"Home","item":"https:\/\/renovcarrelage89.fr\/"},{"@type":"ListItem","position":2,"name":"MENTIONS L\u00c9GALES"}]},{"@type":"WebSite","@id":"https:\/\/renovcarrelage89.fr\/#website","url":"https:\/\/renovcarrelage89.fr\/","name":"RENOV&#039;CARRELAGE89","description":"le sp\u00e9cialiste r\u00e9novation","publisher":{"@id":"https:\/\/renovcarrelage89.fr\/#organization"},"potentialAction":[{"@type":"SearchAction","target":{"@type":"EntryPoint","urlTemplate":"https:\/\/renovcarrelage89.fr\/?s={search_term_string}"},"query-input":{"@type":"PropertyValueSpecification","valueRequired":true,"valueName":"search_term_string"}}],"inLanguage":"fr-FR"},{"@type":"Organization","@id":"https:\/\/renovcarrelage89.fr\/#organization","name":"RENOV&#039;CARRELAGE89","url":"https:\/\/renovcarrelage89.fr\/","logo":{"@type":"ImageObject","inLanguage":"fr-FR","@id":"https:\/\/renovcarrelage89.fr\/#\/schema\/logo\/image\/","url":"https:\/\/renovcarrelage89.fr\/wp-content\/uploads\/2026\/04\/facebook-couverture-Renov-Carrelage-2-1-scaled-e1775857459149.png","contentUrl":"https:\/\/renovcarrelage89.fr\/wp-content\/uploads\/2026\/04\/facebook-couverture-Renov-Carrelage-2-1-scaled-e1775857459149.png","width":1860,"height":620,"caption":"RENOV&#039;CARRELAGE89"},"image":{"@id":"https:\/\/renovcarrelage89.fr\/#\/schema\/logo\/image\/"}}]}},"_links":{"self":[{"href":"https:\/\/renovcarrelage89.fr\/index.php?rest_route=\/wp\/v2\/pages\/429","targetHints":{"allow":["GET"]}}],"collection":[{"href":"https:\/\/renovcarrelage89.fr\/index.php?rest_route=\/wp\/v2\/pages"}],"about":[{"href":"https:\/\/renovcarrelage89.fr\/index.php?rest_route=\/wp\/v2\/types\/page"}],"author":[{"embeddable":true,"href":"https:\/\/renovcarrelage89.fr\/index.php?rest_route=\/wp\/v2\/users\/1"}],"replies":[{"embeddable":true,"href":"https:\/\/renovcarrelage89.fr\/index.php?rest_route=%2Fwp%2Fv2%2Fcomments&post=429"}],"version-history":[{"count":2,"href":"https:\/\/renovcarrelage89.fr\/index.php?rest_route=\/wp\/v2\/pages\/429\/revisions"}],"predecessor-version":[{"id":432,"href":"https:\/\/renovcarrelage89.fr\/index.php?rest_route=\/wp\/v2\/pages\/429\/revisions\/432"}],"wp:attachment":[{"href":"https:\/\/renovcarrelage89.fr\/index.php?rest_route=%2Fwp%2Fv2%2Fmedia&parent=429"}],"curies":[{"name":"wp","href":"https:\/\/api.w.org\/{rel}","templated":true}]}}